ed by 34?
21
What is the remainder when 3583 is divided by 607?
548
Calculate the remainder when 5597 is divided by 70.
67
Calculate the remainder when 100025 is divided by 6247.
73
What is the remainder when 2977 is divided by 50?
27
What is the remainder when 37680 is divided by 83?
81
What is the remainder when 10988 is divided by 407?
406
What is the remainder when 1910619 is divided by 955306?
7
Calculate the remainder when 517 is divided by 254.
9
Calculate the remainder when 1698 is divided by 153.
15
Calculate the remainder when 90820 is divided by 155.
145
Calculate the remainder when 14661 is divided by 751.
392
Calculate the remainder when 1866 is divided by 99.
84
What is the remainder when 3089 is divided by 3019?
70
Calculate the remainder when 2690 is divided by 90.
80
What is the remainder when 256913 is divided by 85637?
2
What is the remainder when 244930 is divided by 4297?
1
What is the remainder when 11598 is divided by 81?
15
What is the remainder when 3008 is divided by 1475?
58
What is the remainder when 6699824 is divided by 825?
824
What is the remainder when 4303 is divided by 81?
10
What is the remainder when 283 is divided by 42?
31
Calculate the remainder when 2862 is divided by 604.
446
What is the remainder when 1240004 is divided by 244?
240
Calculate the remainder when 17847 is divided by 5893.
168
What is the remainder when 14804 is divided by 315?
314
What is the remainder when 2326 is divided by 387?
4
Calculate the remainder when 4530329 is divided by 405.
404
Calculate the remainder when 20559 is divided by 684.
39
What is the remainder when 242697 is divided by 20?
17
Calculate the remainder when 29378 is divided by 5872.
18
Calculate the remainder when 1485 is divided by 165.
0
Calculate the remainder when 2378 is divided by 703.
269
Calculate the remainder when 424059 is divided by 3141.
24
Calculate the remainder when 9403 is divided by 27.
7
What is the remainder when 6195 is divided by 65?
20
What is the remainder when 61496 is divided by 94?
20
What is the remainder when 6333 is divided by 904?
5
What is the remainder when 4772 is divided by 1350?
722
Calculate the remainder when 952 is divided by 166.
122
Calculate the remainder when 904 is divided by 677.
227
What is the remainder when 134846 is divided by 112?
110
What is the remainder when 794400 is divided by 436?
8
Calculate the remainder when 5926 is divided by 17.
10
What is the remainder when 55531 is divided by 9248?
43
Calculate the remainder when 485917 is divided by 242958.
1
What is the remainder when 21274 is divided by 18?
16
What is the remainder when 47743 is divided by 1988?
31
Calculate the remainder when 586178 is divided by 9018.
8
What is the remainder when 2523 is divided by 1200?
123
What is the remainder when 208 is divided by 10?
8
What is the remainder when 28105 is divided by 404?
229
What is the remainder when 22235 is divided by 102?
101
What is the remainder when 13791 is divided by 6777?
237
What is the remainder when 2256 is divided by 560?
16
Calculate the remainder when 57493 is divided by 89.
88
What is the remainder when 3861 is divided by 343?
88
What is the remainder when 24161 is divided by 107?
86
Calculate the remainder when 26687 is divided by 259.
10
Calculate the remainder when 11810 is divided by 97.
73
What is the remainder when 2440 is divided by 163?
158
What is the remainder when 7377 is divided by 296?
273
What is the remainder when 7171872 is divided by 17?
14
What is the remainder when 1074 is divided by 41?
8
What is the remainder when 12636 is divided by 254?
190
Calculate the remainder when 47343 is divided by 47332.
11
Calculate the remainder when 34009 is divided by 321.
304
Calculate the remainder when 11735 is divided by 1066.
9
What is the remainder when 8605 is divided by 2867?
4
Calculate the remainder when 5408 is divided by 34.
2
Calculate the remainder when 269253 is divided by 156.
153
What is the remainder when 3140 is divided by 3134?
6
What is the remainder when 18152 is divided by 536?
464
What is the remainder when 1725 is divided by 290?
275
Calculate the remainder when 490659 is divided by 21.
15
What is the remainder when 1371512 is divided by 27430?
12
What is the remainder when 4946 is divided by 75?
71
What is the remainder when 48487 is divided by 14?
5
Calculate the remainder when 2276301 is divided by 752.
749
What is the remainder when 22730 is divided by 31?
7
What is the remainder when 52019 is divided by 102?
101
What is the remainder when 98477 is divided by 77?
71
What is the remainder when 192799 is divided by 1294?
1287
What is the remainder when 1817596 is divided by 46?
44
Calculate the remainder when 10943 is divided by 177.
146
Calculate the remainder when 1009 is divided by 485.
39
What is the remainder when 72104 is divided by 95?
94
Calculate the remainder when 67553 is divided by 624.
161
What is the remainder when 59460 is divided by 55?
5
What is the remainder when 5657 is divided by 5584?
73
Calculate the remainder when 18145 is divided by 58.
49
What is the remainder when 6932 is divided by 779?
700
Calculate the remainder when 62336 is divided by 20767.
35
What is the remainder when 333912 is divided by 44?
40
What is the remainder when 458336 is divided by 515?
501
Calculate the remainder when 1250856 is divided by 191.
188
Calculate the remainder when 2601 is divided by 12.
9
What is the remainder when 2504 is divided by 1252?
0
Calculate the remainder when 6443919 is divided by 251.
247
Calculate the remainder when 2459 is divided by 106.
21
Calculate the remainder when 1261 is divided by 194.
97
Calculate the remainder when 634 is divided by 101.
28
What is the remainder when 26473 is divided by 31?
30
Calculate the remainder when 5210 is divided by 194.
166
Calculate the remainder when 85553 is divided by 42693.
167
What is the remainder when 2106 is divided by 264?
258
What is the remainder when 802 is divided by 765?
37
Calculate the remainder when 272221 is divided by 1012.
1005
Calculate the remainder when 11493 is divided by 309.
60
What is the remainder when 19950 is divided by 1562?
1206
Calculate the remainder when 4851937 is divided by 410.
407
Calculate the remainder when 420810 is divided by 266.
264
What is the remainder when 538 is divided by 88?
10
What is the remainder when 31241 is divided by 284?
1
Calculate the remainder when 986 is divided by 141.
140
Calculate the remainder when 35403 is divided by 35387.
16
Calculate the remainder when 56637 is divided by 18870.
27
Calculate the remainder when 8421 is divided by 86.
79
What is the remainder when 96369 is divided by 82?
19
Calculate the remainder when 1119845 is divided by 98.
97
What is the remainder when 79307 is divided by 31?
9
What is the remainder when 15808 is divided by 3952?
0
Calculate the remainder when 1365111 is divided by 973.
965
Calculate the remainder when 8703 is divided by 296.
119
Calculate the remainder when 6511079 is divided by 60.
59
What is the remainder when 41507 is divided by 12?
11
What is the remainder when 1928 is divided by 524?
356
What is the remainder when 1021390 is divided by 553?
552
Calculate the remainder when 2356139 is divided by 112.
107
Calculate the remainder when 217761 is divided by 72581.
18
Calculate the remainder when 285315 is divided by 93.
84
Calculate the remainder when 27011 is divided by 4497.
29
Calculate the remainder when 125405 is divided by 62669.
67
What is the remainder when 685 is divided by 668?
17
Calculate the remainder when 41452 is divided by 20724.
4
What is the remainder when 2954 is divided by 180?
74
What is the remainder when 898 is divided by 448?
2
Calculate the remainder when 9902 is divided by 9764.
138
Calculate the remainder when 6352 is divided by 145.
117
Calculate the remainder when 1598 is divided by 1538.
60
Calculate the remainder when 6101 is divided by 5968.
133
What is the remainder when 6006784 is divided by 894?
892
What is the remainder when 196776 is divided by 867?
834
Calculate the remainder when 4926 is divided by 380.
366
Calculate the remainder when 34040 is divided by 16.
8
What is the remainder when 1177 is divided by 223?
62
Calculate the remainder when 644 is divided 